 84*c + 41. What is the units digit of r(-7)?
0
Suppose 44 = 8*w + 3*w. Suppose w*k - 650 = 358. What is the hundreds digit of k?
2
Let b = 14086 + -6665. What is the units digit of b?
1
Let y(g) = g**3 + 13*g**2 - 12*g + 27. Let i be y(-14). What is the hundreds digit of (i - 2) + (13 - -745)?
7
Let m(n) = 23*n**2 - 204*n - 9552. What is the hundreds digit of m(-60)?
4
Let u(t) = t**3 + 19*t**2 + 28*t + 71. Suppose -441 - 18 = 27*s. What is the tens digit of u(s)?
7
Let n(u) = -96*u + 42. Let p be n(-10). Let d = -799 + p. What is the hundreds digit of d?
2
Let r = -7 - -4. Suppose -3*n - 226 + 54 = 40*n. What is the tens digit of (r/n - -1)/((-21)/(-1596))?
3
Suppose -3*w + 2*w + 12 = 0. Let o = w - -1. Suppose 17*b = o*b + 420. What is the tens digit of b?
0
Suppose 16*x - 8*x + 32 = 0. What is the tens digit of (-8985)/(-9) + -14 - x/6?
8
Let j(c) = -1177*c - 9223. What is the ten thousands digit of j(-62)?
6
Suppose r + 2*r + 38*r = 473427. What is the ten thousands digit of r?
1
Suppose 2*y = 2*h - 5728, -11*h - 2*y + 11450 = -7*h. Suppose 16*f - 6369 = h. What is the tens digit of f?
7
Suppose m - 15092 = 5*f, -6*m = -9*m + 3*f + 45384. What is the ten thousands digit of m?
1
Let u(v) = 33*v - 27. Suppose 3*q - 12 = -0*q, -2*b - 6 = -4*q. Let m be (-4)/5 - (-29)/b. What is the units digit of u(m)?
8
What is the hundreds digit of (-11 - -5)/(475644/(-67948) + 7)?
9
Let z(m) = -26*m - 38. Suppose 3*y = 0, 3*y = -6*s + 3*s - 90. Let k = s - -23. What is the hundreds digit of z(k)?
1
Let l(n) = -n**2 + 2*n - 12. Let y(p) = p**2 - p - 14. Let b(o) = -6*l(o) + 5*y(o). Let k = 4 - -1. What is the hundreds digit of b(k)?
1
Let d(y) = 3206*y + 74. What is the units digit of d(3)?
2
Suppose -2*d + 2 = 0, d = -3*a - d + 197. Let s = -65 + a. Suppose -3*n - 44 = -4*r, 5*n + 19 + 1 = s. What is the units digit of r?
8
Let z(d) be the second derivative of d**4/12 - 5*d**3/6 + 5*d**2/2 - d. Suppose v = -p, -24 = 4*v - 5*p + 3. What is the tens digit of z(v)?
2
Let l be 1/(7/71)*7. Suppose -9*v = -l + 17. What is the units digit of v?
6
Let p be (-6)/4 + (-475)/50. Let z(f) = -23*f - 155. What is the units digit of z(p)?
8
Suppose -195*u - 20952 = -197*u + 3*j, 4*u = 2*j + 41920. What is the thousands digit of u?
0
Suppose -531*b + 537*b + 24 = 0. What is the thousands digit of (28592/(-4))/(-4) + b - -6?
1
Let z(f) = f**3 + f**2 - 2*f. Let h be z(0). Let l be (h - 2/(-12)) + (-118)/(-12). What is the hundreds digit of -3*(l/(-45))/((-2)/(-552))?
1
Let m(f) = -17 + 9*f**2 + 2*f + 2*f**3 - 16 + 25. Let o be m(-4). Suppose 19*s - 22*s + 504 = o. What is the units digit of s?
8
Let r = 41914 + -14142. What is the tens digit of r?
7
Let p(q) = 939*q - 129. Let y be p(-17). What is the hundreds digit of y/(-13) + (-64)/(-416)?
2
Suppose 3*x = -5*f + 32, 4*f + 25*x - 25 = 22*x. Suppose 0 = 2*j + 5*c - 170, 4*c = f*c - 6. What is the tens digit of j?
8
Suppose -2*p = -4*q - p + 15, 5*p = -q + 9. Suppose 4*v - w - 2528 = 0, -2548 = -14*v + 10*v - q*w. What is the units digit of v?
3
Suppose -p + 11856 = 4*j, 2*p + 9225 - 311 = 3*j. What is the hundreds digit of j?
9
Let i = -4281 - -6348. What is the units digit of i?
7
Let b(p) = -174*p - 1245. What is the hundreds digit of b(-38)?
3
Let s(i) be the first derivative of -7*i**2/2 - 39*i + 1. Suppose 4*l = 2*n + 8, 4*l + 2 = 36*n - 35*n. What is the tens digit of s(n)?
3
Let g(j) be the first derivative of -j**2/2 + 10*j + 15. Let f be g(-7). Suppose -53 = -z + f. What is the units digit of z?
0
Suppose 11*x - 16*x = -25. Suppose 410 = 5*g + x*b, 4*g - 4*b = 542 - 174. What is the tens digit of g?
8
Suppose 0*c = -3*c + a + 3, 4*a = -4*c - 12. Let x be c + 4/22 + 4/(-22). Suppose x = -2*k + 9 + 15. What is the tens digit of k?
1
Let s(j) = j**3 - 7*j**2 + 2*j + 7. Let r be s(7). Let p be ((-56)/12)/(2*(-5)/(-30)). What is the hundreds digit of 233/2 + r/p?
1
Suppose -4*m + 83925 = 3*r - 97386, 2*m - 2*r = 90666. What is the tens digit of m?
3
Suppose 15 = -t + 4*t. Suppose -t*k + 603 + 1377 = 0. What is the hundreds digit of k?
3
Suppose 4*k - 2*h - 110207 = 689, -k + 27724 = 4*h. What is the hundreds digit of k?
7
Let x be 2/(-1) + (-10 - -205) + -3. Suppose -h + x = -0*h + k, 2*k = h - 187. What is the units digit of h?
9
Suppose 20*w = 23*w + 66. Let d = w + 12. What is the units digit of (-28)/d*(-245)/(-14)?
9
Suppose 4*y = 2*f + 2*y + 294, -153 = f + y. Let q = f - -405. What is the units digit of q?
5
Let v = -101 - -176. Let l = v - -62. What is the units digit of l?
7
Suppose -127163 - 693563 = -34*o. What is the ten thousands digit of o?
2
Let o = -2720 - -2682. Let j be 402/(-4)*(-8)/6. Let d = o + j. What is the tens digit of d?
9
Suppose 3*w - j = 29513, -4*w = -3*j - 43333 + 3989. What is the tens digit of w?
3
Suppose 0 = 4*a + 4*l - 24380, 2*a - 13602 + 1394 = -5*l. What is the thousands digit of a?
6
Let q(v) = -v**3 - 6*v**2 - 4*v - 4. Let w be q(-6). Let g be 112/w - 6 - 2/(-5). Suppose g = t + 7*t - 224. What is the tens digit of t?
2
Suppose -7*x = -12*x - 2525. Let a = x - -554. What is the tens digit of a?
4
What is the ten thousands digit of ((-414812061)/(-92))/73 - (-1)/4?
6
Suppose 33357 = 20*g - 13923. What is the thousands digit of g?
2
Let d be -1 + 0 - (-63)/(-3). Let q(z) = 10*z**2 + 5*z + 2. Let x be q(-4). Let t = d + x. What is the units digit of t?
0
Let n(h) = h**3 + 3*h**2 - 7*h - 10. Let i be n(-4). Suppose 9*y - i*y - 1694 = 0. Suppose -y - 22 = -3*j. What is the units digit of j?
8
What is the ten thousands digit of ((-25081)/(-21) - -13)*(-5*6)/(-1)?
3
Suppose -40*w = -0*w - 239080. What is the thousands digit of w?
5
Suppose -5803 = 4*r - 2*d - 30345, -2*r + 12250 = -4*d. What is the thousands digit of r?
6
Let c be 0/(((-8)/(-2))/4). Suppose c = 2*f - 21 + 11. Suppose 0 = -j + 5*x + 45, 7*x - 2*x = f. What is the units digit of j?
0
Suppose -25*z + 20*z + 3125 = 0. What is the hundreds digit of (-18)/(-27)*6/4 + z?
6
Let a be 2 + -4 - (-1)/(3 + -4). Let n(u) = 77*u + 1. Let l be n(a). What is the tens digit of -1 + 1 - (l - -5)?
2
Suppose -n + 2 = -4*z, -z + 28 = 4*n + 3*z. Let d(s) = -27*s. Let t be d(n). Let y = -100 - t. What is the units digit of y?
2
What is the ten thousands digit of ((-2769)/(-117))/(2/3138)?
3
Suppose 0 = 89*f - 93*f + 12. What is the tens digit of (-1)/((-2)/798*f)?
3
Let n = 53063 - 25825. What is the tens digit of n?
3
Let c(t) = -2211*t + 2926. What is the tens digit of c(-11)?
4
Let k(c) = -10*c + 8. Let p be k(-8). Suppose 6*y = 4*y - p. Let w = -37 - y. What is the units digit of w?
7
Let y(t) = -2 - 4640*t + 2345*t + 2762*t. What is the thousands digit of y(3)?
1
Let l(h) = 58*h**2 - 13*h - 210. What is the thousands digit of l(-12)?
8
Let h(t) = 19*t - 107. Let i(f) = -20*f + 107. Let r(p) = -6*h(p) - 5*i(p). What is the units digit of r(-17)?
5
Let p(v) = 119*v**2 + 21*v + 63. What is the tens digit of p(-5)?
3
Suppose 5*r - 164 = 10*u - 11*u, -2*r + 52 = -3*u. Let y = r - -159. What is the units digit of y?
1
Let b(z) = z**2 - 2*z + 17317. Let r be b(0). Suppose -4*s + 3*i = -r, 3*s - i - 12992 = -3*i. What is the units digit of 2/(-9) + s/45?
6
Suppose 163*b - 22386 = 149*b. Suppose 0 = 6*y - 5313 - b. What is the tens digit of y?
5
Let f(s) = -s**3 + 7*s**2 - 7*s + 8. Let c be f(6). Let q(t) = 6*t**2 + 390 + 5*t**2 - 386. What is the units digit of q(c)?
8
Suppose 296*p + 0*p - 3856986 = 2*p. What is the units digit of p?
9
Let d(v) = 45*v + 15. Let o(r) = 44*r + 16. Let u(n) = 3*d(n) - 4*o(n). Let t be u(-6). Suppose t = 3*s + 2*g - 7*g, s = -2*g + 94. What is the tens digit of s?
8
Suppose -5 = 2*p - 9. Let r be 11 - 20/8*p. Suppose 8*s = r*s + 74. What is the tens digit of s?
3
Suppose -42 = -4*o - 2*j - 3*j, -3*o = -j - 22. Suppose 0 = 4*m + o*b - 6*b - 200, -b = 4*m - 202. What is the units digit of m?
1
Let h(g) = 2*g**2 - 10*g - 4. Let r be h(6). Suppose l - r = -4. Suppose -80 = l*a - 472. What is the units digit of a?
8
Let f = -14 - -28. Suppose -12*b - 10 = -f*b. Suppose 2*u - b = u. What is the units digit of u?
5
Suppose -5*g = 40*a - 41*a - 4603, 3674 = 4*g + 2*a. What is the hundreds digit of g?
9
Let v(i) = 3*i**3 - 37*i**2 - 228*i + 40. What is the units digit of v(30)?
0
Let d = 22608 - -5232. What is the hu